{"id":1278,"date":"2025-03-07T02:27:48","date_gmt":"2025-03-07T02:27:48","guid":{"rendered":"http:\/\/204.93.189.151\/~upxupzly\/project\/douro-nobilis-river-view-4-2-2\/"},"modified":"2026-04-20T08:32:30","modified_gmt":"2026-04-20T08:32:30","slug":"gale-ocean-villa","status":"publish","type":"projects","link":"https:\/\/revito.pt\/fr\/project\/gale-ocean-villa\/","title":{"rendered":"Gal\u00e9 Ocean Villa"},"content":{"rendered":"\n<p>Votre retraite baln\u00e9aire exclusive sur la prestigieuse plage de Gal\u00e9. Cette r\u00e9sidence distinctive allie l&rsquo;authenticit\u00e9 de l&rsquo;architecture traditionnelle \u00e0 des \u00e9l\u00e9ments renouvel\u00e9s, pr\u00e9servant son charme d&rsquo;origine tout en introduisant un design sophistiqu\u00e9 et fonctionnel.<\/p>\n","protected":false},"excerpt":{"rendered":"<p>Votre retraite baln\u00e9aire exclusive sur la prestigieuse plage de Gal\u00e9. Cette r\u00e9sidence distinctive allie l&rsquo;authenticit\u00e9 de l&rsquo;architecture traditionnelle \u00e0 des \u00e9l\u00e9ments renouvel\u00e9s, pr\u00e9servant son charme d&rsquo;origine tout en introduisant un design sophistiqu\u00e9 et fonctionnel.<\/p>\n","protected":false},"featured_media":2500,"parent":0,"template":"","category":[25,45],"class_list":["post-1278","projects","type-projects","status-publish","has-post-thumbnail","hentry","category-disponibles","category-le-sommet-du-luxe-et-de-lexclusivite"],"yoast_head":"<!-- This site is optimized with the Yoast SEO plugin v27.3 - https:\/\/yoast.com\/product\/yoast-seo-wordpress\/ -->\n<title>Gal\u00e9 Ocean Villa - Revito<\/title>\n<meta name=\"robots\" content=\"index, follow, max-snippet:-1, max-image-preview:large, max-video-preview:-1\" \/>\n<link rel=\"canonical\" href=\"https:\/\/revito.pt\/fr\/project\/gale-ocean-villa\/\" \/>\n<meta property=\"og:locale\" content=\"fr_FR\" \/>\n<meta property=\"og:type\" content=\"article\" \/>\n<meta property=\"og:title\" content=\"Gal\u00e9 Ocean Villa - Revito\" \/>\n<meta property=\"og:description\" content=\"Votre retraite baln\u00e9aire exclusive sur la prestigieuse plage de Gal\u00e9. Cette r\u00e9sidence distinctive allie l&rsquo;authenticit\u00e9 de l&rsquo;architecture traditionnelle \u00e0 des \u00e9l\u00e9ments renouvel\u00e9s, pr\u00e9servant son charme d&rsquo;origine tout en introduisant un design sophistiqu\u00e9 et fonctionnel.\" \/>\n<meta property=\"og:url\" content=\"https:\/\/revito.pt\/fr\/project\/gale-ocean-villa\/\" \/>\n<meta property=\"og:site_name\" content=\"Revito\" \/>\n<meta property=\"article:publisher\" content=\"https:\/\/web.facebook.com\/revitopt\/?_rdc=1&amp;_rdr#\" \/>\n<meta property=\"article:modified_time\" content=\"2026-04-20T08:32:30+00:00\" \/>\n<meta property=\"og:image\" content=\"https:\/\/revito.pt\/wp-content\/uploads\/2025\/03\/A7V07445-copiar.webp\" \/>\n\t<meta property=\"og:image:width\" content=\"6240\" \/>\n\t<meta property=\"og:image:height\" content=\"4160\" \/>\n\t<meta property=\"og:image:type\" content=\"image\/jpeg\" \/>\n<meta name=\"twitter:card\" content=\"summary_large_image\" \/>\n<meta name=\"twitter:label1\" content=\"Dur\u00e9e de lecture estim\u00e9e\" \/>\n\t<meta name=\"twitter:data1\" content=\"1 minute\" \/>\n<script type=\"application\/ld+json\" class=\"yoast-schema-graph\">{\"@context\":\"https:\\\/\\\/schema.org\",\"@graph\":[{\"@type\":\"WebPage\",\"@id\":\"https:\\\/\\\/revito.pt\\\/fr\\\/project\\\/gale-ocean-villa\\\/\",\"url\":\"https:\\\/\\\/revito.pt\\\/fr\\\/project\\\/gale-ocean-villa\\\/\",\"name\":\"Gal\u00e9 Ocean Villa - Revito\",\"isPartOf\":{\"@id\":\"https:\\\/\\\/revito.pt\\\/fr\\\/#website\"},\"primaryImageOfPage\":{\"@id\":\"https:\\\/\\\/revito.pt\\\/fr\\\/project\\\/gale-ocean-villa\\\/#primaryimage\"},\"image\":{\"@id\":\"https:\\\/\\\/revito.pt\\\/fr\\\/project\\\/gale-ocean-villa\\\/#primaryimage\"},\"thumbnailUrl\":\"https:\\\/\\\/revito.pt\\\/wp-content\\\/uploads\\\/2025\\\/03\\\/A7V07445-copiar.webp\",\"datePublished\":\"2025-03-07T02:27:48+00:00\",\"dateModified\":\"2026-04-20T08:32:30+00:00\",\"breadcrumb\":{\"@id\":\"https:\\\/\\\/revito.pt\\\/fr\\\/project\\\/gale-ocean-villa\\\/#breadcrumb\"},\"inLanguage\":\"fr-FR\",\"potentialAction\":[{\"@type\":\"ReadAction\",\"target\":[\"https:\\\/\\\/revito.pt\\\/fr\\\/project\\\/gale-ocean-villa\\\/\"]}]},{\"@type\":\"ImageObject\",\"inLanguage\":\"fr-FR\",\"@id\":\"https:\\\/\\\/revito.pt\\\/fr\\\/project\\\/gale-ocean-villa\\\/#primaryimage\",\"url\":\"https:\\\/\\\/revito.pt\\\/wp-content\\\/uploads\\\/2025\\\/03\\\/A7V07445-copiar.webp\",\"contentUrl\":\"https:\\\/\\\/revito.pt\\\/wp-content\\\/uploads\\\/2025\\\/03\\\/A7V07445-copiar.webp\",\"width\":6240,\"height\":4160},{\"@type\":\"BreadcrumbList\",\"@id\":\"https:\\\/\\\/revito.pt\\\/fr\\\/project\\\/gale-ocean-villa\\\/#breadcrumb\",\"itemListElement\":[{\"@type\":\"ListItem\",\"position\":1,\"name\":\"Home\",\"item\":\"https:\\\/\\\/revito.pt\\\/fr\\\/\"},{\"@type\":\"ListItem\",\"position\":2,\"name\":\"Projects\",\"item\":\"https:\\\/\\\/revito.pt\\\/fr\\\/project\\\/\"},{\"@type\":\"ListItem\",\"position\":3,\"name\":\"Gal\u00e9 Ocean Villa\"}]},{\"@type\":\"WebSite\",\"@id\":\"https:\\\/\\\/revito.pt\\\/fr\\\/#website\",\"url\":\"https:\\\/\\\/revito.pt\\\/fr\\\/\",\"name\":\"Revito\",\"description\":\"Real Estate Vision for Tomorrow\",\"publisher\":{\"@id\":\"https:\\\/\\\/revito.pt\\\/fr\\\/#organization\"},\"alternateName\":\"Real Estate Vision for Tomorrow\",\"potentialAction\":[{\"@type\":\"SearchAction\",\"target\":{\"@type\":\"EntryPoint\",\"urlTemplate\":\"https:\\\/\\\/revito.pt\\\/fr\\\/?s={search_term_string}\"},\"query-input\":{\"@type\":\"PropertyValueSpecification\",\"valueRequired\":true,\"valueName\":\"search_term_string\"}}],\"inLanguage\":\"fr-FR\"},{\"@type\":\"Organization\",\"@id\":\"https:\\\/\\\/revito.pt\\\/fr\\\/#organization\",\"name\":\"Revito\",\"url\":\"https:\\\/\\\/revito.pt\\\/fr\\\/\",\"logo\":{\"@type\":\"ImageObject\",\"inLanguage\":\"fr-FR\",\"@id\":\"https:\\\/\\\/revito.pt\\\/fr\\\/#\\\/schema\\\/logo\\\/image\\\/\",\"url\":\"https:\\\/\\\/revito.pt\\\/wp-content\\\/uploads\\\/2025\\\/02\\\/logo_1.svg\",\"contentUrl\":\"https:\\\/\\\/revito.pt\\\/wp-content\\\/uploads\\\/2025\\\/02\\\/logo_1.svg\",\"width\":1,\"height\":1,\"caption\":\"Revito\"},\"image\":{\"@id\":\"https:\\\/\\\/revito.pt\\\/fr\\\/#\\\/schema\\\/logo\\\/image\\\/\"},\"sameAs\":[\"https:\\\/\\\/web.facebook.com\\\/revitopt\\\/?_rdc=1&_rdr#\",\"https:\\\/\\\/www.linkedin.com\\\/company\\\/revitopt\\\/?originalSubdomain=pt\",\"https:\\\/\\\/www.youtube.com\\\/channel\\\/UCvv9torqLbSMOJ76QDRo4ZQ\\\/featured\"]}]}<\/script>\n<!-- \/ Yoast SEO plugin. -->","yoast_head_json":{"title":"Gal\u00e9 Ocean Villa - Revito","robots":{"index":"index","follow":"follow","max-snippet":"max-snippet:-1","max-image-preview":"max-image-preview:large","max-video-preview":"max-video-preview:-1"},"canonical":"https:\/\/revito.pt\/fr\/project\/gale-ocean-villa\/","og_locale":"fr_FR","og_type":"article","og_title":"Gal\u00e9 Ocean Villa - Revito","og_description":"Votre retraite baln\u00e9aire exclusive sur la prestigieuse plage de Gal\u00e9. Cette r\u00e9sidence distinctive allie l&rsquo;authenticit\u00e9 de l&rsquo;architecture traditionnelle \u00e0 des \u00e9l\u00e9ments renouvel\u00e9s, pr\u00e9servant son charme d&rsquo;origine tout en introduisant un design sophistiqu\u00e9 et fonctionnel.","og_url":"https:\/\/revito.pt\/fr\/project\/gale-ocean-villa\/","og_site_name":"Revito","article_publisher":"https:\/\/web.facebook.com\/revitopt\/?_rdc=1&_rdr#","article_modified_time":"2026-04-20T08:32:30+00:00","og_image":[{"width":6240,"height":4160,"url":"https:\/\/revito.pt\/wp-content\/uploads\/2025\/03\/A7V07445-copiar.webp","type":"image\/jpeg"}],"twitter_card":"summary_large_image","twitter_misc":{"Dur\u00e9e de lecture estim\u00e9e":"1 minute"},"schema":{"@context":"https:\/\/schema.org","@graph":[{"@type":"WebPage","@id":"https:\/\/revito.pt\/fr\/project\/gale-ocean-villa\/","url":"https:\/\/revito.pt\/fr\/project\/gale-ocean-villa\/","name":"Gal\u00e9 Ocean Villa - Revito","isPartOf":{"@id":"https:\/\/revito.pt\/fr\/#website"},"primaryImageOfPage":{"@id":"https:\/\/revito.pt\/fr\/project\/gale-ocean-villa\/#primaryimage"},"image":{"@id":"https:\/\/revito.pt\/fr\/project\/gale-ocean-villa\/#primaryimage"},"thumbnailUrl":"https:\/\/revito.pt\/wp-content\/uploads\/2025\/03\/A7V07445-copiar.webp","datePublished":"2025-03-07T02:27:48+00:00","dateModified":"2026-04-20T08:32:30+00:00","breadcrumb":{"@id":"https:\/\/revito.pt\/fr\/project\/gale-ocean-villa\/#breadcrumb"},"inLanguage":"fr-FR","potentialAction":[{"@type":"ReadAction","target":["https:\/\/revito.pt\/fr\/project\/gale-ocean-villa\/"]}]},{"@type":"ImageObject","inLanguage":"fr-FR","@id":"https:\/\/revito.pt\/fr\/project\/gale-ocean-villa\/#primaryimage","url":"https:\/\/revito.pt\/wp-content\/uploads\/2025\/03\/A7V07445-copiar.webp","contentUrl":"https:\/\/revito.pt\/wp-content\/uploads\/2025\/03\/A7V07445-copiar.webp","width":6240,"height":4160},{"@type":"BreadcrumbList","@id":"https:\/\/revito.pt\/fr\/project\/gale-ocean-villa\/#breadcrumb","itemListElement":[{"@type":"ListItem","position":1,"name":"Home","item":"https:\/\/revito.pt\/fr\/"},{"@type":"ListItem","position":2,"name":"Projects","item":"https:\/\/revito.pt\/fr\/project\/"},{"@type":"ListItem","position":3,"name":"Gal\u00e9 Ocean Villa"}]},{"@type":"WebSite","@id":"https:\/\/revito.pt\/fr\/#website","url":"https:\/\/revito.pt\/fr\/","name":"Revito","description":"Real Estate Vision for Tomorrow","publisher":{"@id":"https:\/\/revito.pt\/fr\/#organization"},"alternateName":"Real Estate Vision for Tomorrow","potentialAction":[{"@type":"SearchAction","target":{"@type":"EntryPoint","urlTemplate":"https:\/\/revito.pt\/fr\/?s={search_term_string}"},"query-input":{"@type":"PropertyValueSpecification","valueRequired":true,"valueName":"search_term_string"}}],"inLanguage":"fr-FR"},{"@type":"Organization","@id":"https:\/\/revito.pt\/fr\/#organization","name":"Revito","url":"https:\/\/revito.pt\/fr\/","logo":{"@type":"ImageObject","inLanguage":"fr-FR","@id":"https:\/\/revito.pt\/fr\/#\/schema\/logo\/image\/","url":"https:\/\/revito.pt\/wp-content\/uploads\/2025\/02\/logo_1.svg","contentUrl":"https:\/\/revito.pt\/wp-content\/uploads\/2025\/02\/logo_1.svg","width":1,"height":1,"caption":"Revito"},"image":{"@id":"https:\/\/revito.pt\/fr\/#\/schema\/logo\/image\/"},"sameAs":["https:\/\/web.facebook.com\/revitopt\/?_rdc=1&_rdr#","https:\/\/www.linkedin.com\/company\/revitopt\/?originalSubdomain=pt","https:\/\/www.youtube.com\/channel\/UCvv9torqLbSMOJ76QDRo4ZQ\/featured"]}]}},"_links":{"self":[{"href":"https:\/\/revito.pt\/fr\/wp-json\/wp\/v2\/projects\/1278","targetHints":{"allow":["GET"]}}],"collection":[{"href":"https:\/\/revito.pt\/fr\/wp-json\/wp\/v2\/projects"}],"about":[{"href":"https:\/\/revito.pt\/fr\/wp-json\/wp\/v2\/types\/projects"}],"version-history":[{"count":27,"href":"https:\/\/revito.pt\/fr\/wp-json\/wp\/v2\/projects\/1278\/revisions"}],"predecessor-version":[{"id":5973,"href":"https:\/\/revito.pt\/fr\/wp-json\/wp\/v2\/projects\/1278\/revisions\/5973"}],"wp:featuredmedia":[{"embeddable":true,"href":"https:\/\/revito.pt\/fr\/wp-json\/wp\/v2\/media\/2500"}],"wp:attachment":[{"href":"https:\/\/revito.pt\/fr\/wp-json\/wp\/v2\/media?parent=1278"}],"wp:term":[{"taxonomy":"category","embeddable":true,"href":"https:\/\/revito.pt\/fr\/wp-json\/wp\/v2\/category?post=1278"}],"curies":[{"name":"wp","href":"https:\/\/api.w.org\/{rel}","templated":true}]}}

Galé Ocean Villa

<p>Votre retraite balnéaire exclusive sur la prestigieuse plage de Galé. Cette résidence distinctive allie l&rsquo;authenticité de l&rsquo;architecture traditionnelle à des éléments renouvelés, préservant son charme d&rsquo;origine tout en introduisant un design sophistiqué et fonctionnel.</p>

<!-- This site is optimized with the Yoast SEO plugin v27.3 - https://yoast.com/product/yoast-seo-wordpress/ -->
<title>Galé Ocean Villa - Revito</title>
<meta name="robots" content="index, follow, max-snippet:-1, max-image-preview:large, max-video-preview:-1" />
<link rel="canonical" href="https://revito.pt/fr/project/gale-ocean-villa/" />
<meta property="og:locale" content="fr_FR" />
<meta property="og:type" content="article" />
<meta property="og:title" content="Galé Ocean Villa - Revito" />
<meta property="og:description" content="Votre retraite balnéaire exclusive sur la prestigieuse plage de Galé. Cette résidence distinctive allie l&rsquo;authenticité de l&rsquo;architecture traditionnelle à des éléments renouvelés, préservant son charme d&rsquo;origine tout en introduisant un design sophistiqué et fonctionnel." />
<meta property="og:url" content="https://revito.pt/fr/project/gale-ocean-villa/" />
<meta property="og:site_name" content="Revito" />
<meta property="article:publisher" content="https://web.facebook.com/revitopt/?_rdc=1&amp;_rdr#" />
<meta property="article:modified_time" content="2026-04-20T08:32:30+00:00" />
<meta property="og:image" content="https://revito.pt/wp-content/uploads/2025/03/A7V07445-copiar.webp" />
	<meta property="og:image:width" content="6240" />
	<meta property="og:image:height" content="4160" />
	<meta property="og:image:type" content="image/jpeg" />
<meta name="twitter:card" content="summary_large_image" />
<meta name="twitter:label1" content="Durée de lecture estimée" />
	<meta name="twitter:data1" content="1 minute" />
<script type="application/ld+json" class="yoast-schema-graph">{"@context":"https:\/\/schema.org","@graph":[{"@type":"WebPage","@id":"https:\/\/revito.pt\/fr\/project\/gale-ocean-villa\/","url":"https:\/\/revito.pt\/fr\/project\/gale-ocean-villa\/","name":"Galé Ocean Villa - Revito","isPartOf":{"@id":"https:\/\/revito.pt\/fr\/#website"},"primaryImageOfPage":{"@id":"https:\/\/revito.pt\/fr\/project\/gale-ocean-villa\/#primaryimage"},"image":{"@id":"https:\/\/revito.pt\/fr\/project\/gale-ocean-villa\/#primaryimage"},"thumbnailUrl":"https:\/\/revito.pt\/wp-content\/uploads\/2025\/03\/A7V07445-copiar.webp","datePublished":"2025-03-07T02:27:48+00:00","dateModified":"2026-04-20T08:32:30+00:00","breadcrumb":{"@id":"https:\/\/revito.pt\/fr\/project\/gale-ocean-villa\/#breadcrumb"},"inLanguage":"fr-FR","potentialAction":[{"@type":"ReadAction","target":["https:\/\/revito.pt\/fr\/project\/gale-ocean-villa\/"]}]},{"@type":"ImageObject","inLanguage":"fr-FR","@id":"https:\/\/revito.pt\/fr\/project\/gale-ocean-villa\/#primaryimage","url":"https:\/\/revito.pt\/wp-content\/uploads\/2025\/03\/A7V07445-copiar.webp","contentUrl":"https:\/\/revito.pt\/wp-content\/uploads\/2025\/03\/A7V07445-copiar.webp","width":6240,"height":4160},{"@type":"BreadcrumbList","@id":"https:\/\/revito.pt\/fr\/project\/gale-ocean-villa\/#breadcrumb","itemListElement":[{"@type":"ListItem","position":1,"name":"Home","item":"https:\/\/revito.pt\/fr\/"},{"@type":"ListItem","position":2,"name":"Projects","item":"https:\/\/revito.pt\/fr\/project\/"},{"@type":"ListItem","position":3,"name":"Galé Ocean Villa"}]},{"@type":"WebSite","@id":"https:\/\/revito.pt\/fr\/#website","url":"https:\/\/revito.pt\/fr\/","name":"Revito","description":"Real Estate Vision for Tomorrow","publisher":{"@id":"https:\/\/revito.pt\/fr\/#organization"},"alternateName":"Real Estate Vision for Tomorrow","potentialAction":[{"@type":"SearchAction","target":{"@type":"EntryPoint","urlTemplate":"https:\/\/revito.pt\/fr\/?s={search_term_string}"},"query-input":{"@type":"PropertyValueSpecification","valueRequired":true,"valueName":"search_term_string"}}],"inLanguage":"fr-FR"},{"@type":"Organization","@id":"https:\/\/revito.pt\/fr\/#organization","name":"Revito","url":"https:\/\/revito.pt\/fr\/","logo":{"@type":"ImageObject","inLanguage":"fr-FR","@id":"https:\/\/revito.pt\/fr\/#\/schema\/logo\/image\/","url":"https:\/\/revito.pt\/wp-content\/uploads\/2025\/02\/logo_1.svg","contentUrl":"https:\/\/revito.pt\/wp-content\/uploads\/2025\/02\/logo_1.svg","width":1,"height":1,"caption":"Revito"},"image":{"@id":"https:\/\/revito.pt\/fr\/#\/schema\/logo\/image\/"},"sameAs":["https:\/\/web.facebook.com\/revitopt\/?_rdc=1&_rdr#","https:\/\/www.linkedin.com\/company\/revitopt\/?originalSubdomain=pt","https:\/\/www.youtube.com\/channel\/UCvv9torqLbSMOJ76QDRo4ZQ\/featured"]}]}</script>
<!-- / Yoast SEO plugin. -->

Galé Ocean Villa - Revito

Votre retraite balnéaire exclusive sur la prestigieuse plage de Galé. Cette résidence distinctive allie l&rsquo;authenticité de l&rsquo;architecture traditionnelle à des éléments renouvelés, préservant son charme d&rsquo;origine tout en introduisant un design sophistiqué et fonctionnel.
